10
What is the remainder when 52 is divided by 6*(-76)/(-20) - 1/(-5)?
6
Suppose -3*d - 25 = -8*d. Calculate the remainder when (-320)/(-140)*(-14)/(-4) is divided by d.
3
Let q be (6/4)/((-9)/(-78)). Suppose q = 4*k - 15. Calculate the remainder when k is divided by 3.
1
Let h be 25/9 - 4/(-18). What is the remainder when 53 is divided by h/(-3)*(-19 + 1)?
17
Suppose 0 = -2*c + 3*c - 9. Let y = c + 3. Calculate the remainder when 22 is divided by y.
10
Let p = -11 - -26. What is the remainder when p is divided by 8?
7
Let h = -32 + 66. What is the remainder when 135 is divided by h?
33
Let n(x) = 2*x**2 + 4*x - 4. Let r(f) = 3*f**2 + 7*f - 8. Let a(s) = 5*n(s) - 3*r(s). Calculate the remainder when a(4) is divided by 6.
4
Suppose 175 = 4*n + 3*n. What is the remainder when n is divided by 9?
7
Let o = 2 + 1. Suppose -o + 1 = -c - a, 4*c + 2*a - 16 = 0. Let w(t) = t**3 - 6*t**2 + 2*t + 1. What is the remainder when 25 is divided by w(c)?
12
Let a be (2/3)/((-3)/(-9)). Suppose -a*c - 10 - 8 = 0. Let f(i) = i + 18. Calculate the remainder when 17 is divided by f(c).
8
Suppose -96 = -5*j - 26. Calculate the remainder when (54 - 2) + 1 + 0 is divided by j.
11
Let f(n) = -5*n + 3*n + n - n. Let i be f(-2). Suppose o + i*s = 27, -33 + 4 = -3*o + s. Calculate the remainder when 41 is divided by o.
8
Calculate the remainder when 89 is divided by 92/(-2)*2/(-4).
20
Let c(i) = -i + 1. Calculate the remainder when 35 is divided by c(-11).
11
Let f = 739 - 691. Let b = 7 + 10. What is the remainder when f is divided by b?
14
Suppose -3*n + q = -184, -3*n - 2*n - 2*q = -314. Let h = n + -31. What is the remainder when 90 is divided by h?
28
Let f be ((-1 - -1) + -1)*1. Suppose -11*j + 21 = -1. Calculate the remainder when (f/1)/(j/(-70)) is divided by 12.
11
Let r = 1 - -35. Let c = r + -24. What is the remainder when c is divided by 7?
5
Let v(n) = -51*n**3 + 21*n. Let p(h) = 5*h**3 - 2*h. Let q(k) = 21*p(k) + 2*v(k). Let z(l) = 2*l. What is the remainder when z(2) is divided by q(1)?
1
Let c(a) = -a**3 - 9*a**2 + 3*a - 11. Calculate the remainder when c(-10) is divided by 15.
14
Suppose k = 3*d + 33, 3*k = 2*k + 4*d + 38. What is the remainder when 85 is divided by k?
13
Calculate the remainder when 91 is divided by (-2)/5 + 2574/110.
22
Let f = 57 - 15. Calculate the remainder when f is divided by 11.
9
Suppose 0 = -3*d - 3*d - 18. Calculate the remainder when (d - -4)/((-1)/(-147)) is divided by 37.
36
Suppose -o - 20 = -2*o. Calculate the remainder when 58 is divided by o.
18
Suppose 0 = -5*j + 10 + 75. Suppose c + 66 = 3*c. Calculate the remainder when c is divided by j.
16
Suppose -84 = -4*n - 4*t, -3*n - 2*t = -0*n - 58. Suppose 3*m + 4*a + 42 = 105, -84 = -4*m + 5*a. What is the remainder when n is divided by (7/m)/(1/18)?
4
Suppose 63 = 4*v - 89. Let a be 24*(-1 - 7/(-4)). Let p = 2 + a. What is the remainder when v is divided by p?
18
Let q be (0 - 4)*(-70)/20. Suppose -3*h + 34 = -q. Suppose 21 - 3 = 3*z. Calculate the remainder when h is divided by z.
4
What is the remainder when 36 is divided by ((-39)/15)/((-2)/10)?
10
Suppose 2*s - 78 = -s. Calculate the remainder when 103 is divided by s.
25
Let h = 29 - 14. Calculate the remainder when h is divided by 9.
6
Let y(k) = -4*k - 17. Let d = 34 + -22. What is the remainder when y(-10) is divided by d?
11
Suppose i = -2*j + 10, 3*i - 4*j + 6 + 4 = 0. Suppose -4*h - 41 = -61. Suppose h*q = i*q + 99. What is the remainder when q is divided by 9?
6
Let m(l) = -l + 14. Let o(r) = 3*r - 41. Let w(b) = -7*m(b) - 2*o(b). Let p be w(11). Calculate the remainder when p/5 - 1*-21 is divided by 11.
9
Let i(f) = 0 - 3 + 0*f - 4*f + 5*f. Calculate the remainder when 14 is divided by i(8).
4
Let t(l) = 3*l - 3. Let n(u) = -2*u - 5. Let b be n(-5). Calculate the remainder when t(b) is divided by (-2)/(-6) - 20/(-3).
5
Let o = -2 - -7. Suppose 78 + 47 = -o*m. Let t = m + 49. What is the remainder when t is divided by 13?
11
Suppose 3*k - 2*j - 25 = -j, 3*k - 19 = 4*j. Let x = 3 - 1. Suppose -2*u = 0, -x*u - 25 = -5*i - 0*u. Calculate the remainder when k is divided by i.
4
Suppose -6*h = -7*h + 12. Let q be (12/(-9))/(1/(-3)). Calculate the remainder when 9 is divided by q/24 + 46/h.
1
Let r be -1 - -2 - 4/4. Suppose r*f - 5*g = -f + 5, 5*g + 15 = 2*f. Calculate the remainder when f is divided by 4.
2
Suppose 3*j - 11 = 5*c + 8, 0 = c + 2. Suppose 71 = j*b + 20. What is the remainder when b is divided by 10?
7
Let z(m) = m**3 - 8*m**2 + m + 4. Let a be z(5). Let h = 104 + a. What is the remainder when h is divided by 10?
8
Let w = 269 + -237. Let s(c) = 2*c**2 + 3*c + 2. Let x be s(-2). Suppose d = 13 + x. Calculate the remainder when w is divided by d.
15
Let j = 153 + -223. Suppose 0 = 2*h - 3*h - 109. Let l = j - h. Calculate the remainder when l is divided by 14.
11
Let d(m) = m**2 - 3*m. Calculate the remainder when 71 is divided by d(6).
17
Suppose -13*y + 56 = -9*y. What is the remainder when 54 is divided by y?
12
Let j(g) = g**3 - 5*g**2 - 5*g + 1. Let y be j(6). Suppose 5*f + 5*t - 81 = -1, f - 2*t = y. What is the remainder when 8 is divided by f/3 - (-2)/3?
3
Let x be (-3)/12 - (-534)/24. Calculate the remainder when 42 is divided by 2*x/4*2.
20
Suppose 175 = 2*n - 3*b, -5*n + b + 571 = 114. Suppose -n = -2*j + 24. Let z(t) = -4*t**3 - 4*t**2 - 2*t. Calculate the remainder when j is divided by z(-2).
18
Suppose -3*c + 1 = -14. Suppose l + 16 = -2*v - 4*l, -v = c*l + 18. Suppose -2 = -v*p + p. Calculate the remainder when p is divided by 2.
0
Let a(y) = 2*y**2 + 5*y + 8. Calculate the remainder when 29 is divided by a(-2).
5
What is the remainder when 56 is divided by 32/(-1)*2/(-4)?
8
Let n = 36 + -14. What is the remainder when 62 is divided by n?
18
Let a = -18 - -20. Let n = 0 + 2. Calculate the remainder when a is divided by n.
0
Suppose -k = 5*n - 96 - 2, -4*n - 3*k = -74. Suppose -130 = -22*x + 46. Calculate the remainder when n is divided by x.
4
Suppose -10*g = -9*g - c - 29, -3*g + c + 87 = 0. What is the remainder when 57 is divided by g?
28
Let u(a) = 73*a**3 + a**2 + a. Let d be u(-1). Let g = d - -121. Suppose -2*m - 4*l + g = 0, -5*l = m - 5 - 34. What is the remainder when 25 is divided by m?
11
Let c(r) be the third derivative of 3*r**4/8 + r**3/6 + 3*r**2. Let t be (-4 - -3)*(-2 + 1). What is the remainder when c(t) is divided by 4?
2
Let s be 1/(-1)*(-12)/3. Suppose 0 = 3*q - s*q. Suppose -k - 1 + 3 = -w, w - 2*k + 6 = q. Calculate the remainder when 2 is divided by w.
0
Suppose -z - 6 = 20. Let a = z + 62. Calculate the remainder when a is divided by 13.
10
Let i = -46 - -99. What is the remainder when i is divided by 9?
8
Suppose -3*t + 8*t = a - 28, 3*a - 2*t = 149. Calculate the remainder when a is divided by 9.
8
Let p(g) = -g**2 - 10*g - 6. Let w be p(-11). Calculate the remainder when (-24)/36 - w/3 is divided by 2.
1
Suppose -62 - 23 = 5*b. Let d = -4 - b. Calculate the remainder when 24 is divided by d.
11
Suppose 7*w - 105 = 4*w. What is the remainder when w is divided by 12?
11
Suppose 0 = 5*b + 15 + 5, -2*d + 3*b + 20 = 0. Let w(s) = -s**2 + 5*s + 1. Let o(t) = t**2 + 9. What is the remainder when o(0) is divided by w(d)?
4
Suppose -4*r + 0 + 20 = 0. Suppose -z = -6*z + r. Suppose -5*d + 16 - z = 0. What is the remainder when d is divided by 2?
1
Calculate the remainder when 29 is divided by (14/4)/(-7)*-1*20.
9
Suppose -37 = -2*x - 2*x - a, 4*x = -3*a + 39. Let j = -8 + x. Suppose -3*u = -2*u - 2. Calculate the remainder when u is divided by j.
0
Suppose -2*q - 12 + 50 = 3*i, -4*i + q = -36. Calculate the remainder when 48 is divided by i.
8
Suppose -30 = -3*f - 12. What is the remainder when f/9 - 134/(-6) is divided by 8?
7
Calculate the remainder when 11 is divided by (-56)/(-9) - 2 - (-8)/(-36).
3
Let m = 60 + -105. What is the remainder when (-10)/m + 475/9 is divided by 18?
17
Suppose -3*l - 2*z + 64 = 0, 4*z + 43 = 4*l - 9. What is the remainder when l is divided by 1/((4/14)/2)?
4
Suppose 2*z - 68 = -2*z. Let s = 30 - z. What is the remainder when 24 is divided by s?
11
Let k = -5 - -2. What is the remainder when k + 9/(-3) + 8 is divided by 2?
0
Let a(k) be the first derivative of k**3/3 + k**2 + 2*k - 2. Let w be a(-2). Let f(o) = o**3 + o**2 - 2*o. What